{"id":190,"date":"2025-07-10T16:48:42","date_gmt":"2025-07-10T16:48:42","guid":{"rendered":"http:\/\/www.yildizkapi.com.tr\/?page_id=190"},"modified":"2025-07-10T18:47:52","modified_gmt":"2025-07-10T18:47:52","slug":"yangin-kapisi-nedir","status":"publish","type":"page","link":"https:\/\/www.yildizkapi.com.tr\/index.php\/yangin-kapisi-nedir\/","title":{"rendered":"Yang\u0131n Kap\u0131s\u0131 Nedir?"},"content":{"rendered":"\t\t<div data-elementor-type=\"wp-page\" data-elementor-id=\"190\" class=\"elementor elementor-190\">\n\t\t\t\t<div class=\"elementor-element elementor-element-1ed148e e-con-full e-flex e-con e-parent\" data-id=\"1ed148e\" data-element_type=\"container\" data-e-type=\"container\">\n\t\t<div class=\"elementor-element elementor-element-8deb5c3 e-con-full e-flex e-con e-child\" data-id=\"8deb5c3\" data-element_type=\"container\" data-e-type=\"container\">\n\t\t\t\t<div class=\"elementor-element elementor-element-90cb9b2 elementor-arrows-position-inside elementor-pagination-position-outside elementor-widget elementor-widget-image-carousel\" data-id=\"90cb9b2\" data-element_type=\"widget\" data-e-type=\"widget\" data-settings=\"{&quot;navigation&quot;:&quot;both&quot;,&quot;autoplay&quot;:&quot;yes&quot;,&quot;pause_on_hover&quot;:&quot;yes&quot;,&quot;pause_on_interaction&quot;:&quot;yes&quot;,&quot;autoplay_speed&quot;:5000,&quot;infinite&quot;:&quot;yes&quot;,&quot;speed&quot;:500}\" data-widget_type=\"image-carousel.default\">\n\t\t\t\t\t\t\t<div class=\"elementor-image-carousel-wrapper swiper\" role=\"region\" aria-roledescription=\"carousel\" aria-label=\"Resim D\u00f6ng\u00fcs\u00fc\" dir=\"ltr\">\n\t\t\t<div class=\"elementor-image-carousel swiper-wrapper\" aria-live=\"off\">\n\t\t\t\t\t\t\t\t<div class=\"swiper-slide\" role=\"group\" aria-roledescription=\"slide\" aria-label=\"1 \/ 4\"><figure class=\"swiper-slide-inner\"><img decoding=\"async\" class=\"swiper-slide-image\" src=\"https:\/\/www.yildizkapi.com.tr\/wp-content\/uploads\/2025\/07\/PHOTO-2025-07-09-12-34-42-768x1024.jpg\" alt=\"PHOTO-2025-07-09-12-34-42\" \/><\/figure><\/div><div class=\"swiper-slide\" role=\"group\" aria-roledescription=\"slide\" aria-label=\"2 \/ 4\"><figure class=\"swiper-slide-inner\"><img decoding=\"async\" class=\"swiper-slide-image\" src=\"https:\/\/www.yildizkapi.com.tr\/wp-content\/uploads\/2025\/07\/PHOTO-2025-07-09-12-34-42-4-768x1024.jpg\" alt=\"PHOTO-2025-07-09-12-34-42 4\" \/><\/figure><\/div><div class=\"swiper-slide\" role=\"group\" aria-roledescription=\"slide\" aria-label=\"3 \/ 4\"><figure class=\"swiper-slide-inner\"><img decoding=\"async\" class=\"swiper-slide-image\" src=\"https:\/\/www.yildizkapi.com.tr\/wp-content\/uploads\/2025\/07\/PHOTO-2025-07-09-12-34-42-3-768x1024.jpg\" alt=\"PHOTO-2025-07-09-12-34-42 3\" \/><\/figure><\/div><div class=\"swiper-slide\" role=\"group\" aria-roledescription=\"slide\" aria-label=\"4 \/ 4\"><figure class=\"swiper-slide-inner\"><img decoding=\"async\" class=\"swiper-slide-image\" src=\"https:\/\/www.yildizkapi.com.tr\/wp-content\/uploads\/2025\/07\/PHOTO-2025-07-09-12-34-42-2-768x1024.jpg\" alt=\"PHOTO-2025-07-09-12-34-42 2\" \/><\/figure><\/div>\t\t\t<\/div>\n\t\t\t\t\t\t\t\t\t\t\t\t<div class=\"elementor-swiper-button elementor-swiper-button-prev\" role=\"button\" tabindex=\"0\">\n\t\t\t\t\t\t<svg aria-hidden=\"true\" class=\"e-font-icon-svg e-eicon-chevron-left\" viewBox=\"0 0 1000 1000\" xmlns=\"http:\/\/www.w3.org\/2000\/svg\"><path d=\"M646 125C629 125 613 133 604 142L308 442C296 454 292 471 292 487 292 504 296 521 308 533L604 854C617 867 629 875 646 875 663 875 679 871 692 858 704 846 713 829 713 812 713 796 708 779 692 767L438 487 692 225C700 217 708 204 708 187 708 171 704 154 692 142 675 129 663 125 646 125Z\"><\/path><\/svg>\t\t\t\t\t<\/div>\n\t\t\t\t\t<div class=\"elementor-swiper-button elementor-swiper-button-next\" role=\"button\" tabindex=\"0\">\n\t\t\t\t\t\t<svg aria-hidden=\"true\" class=\"e-font-icon-svg e-eicon-chevron-right\" viewBox=\"0 0 1000 1000\" xmlns=\"http:\/\/www.w3.org\/2000\/svg\"><path d=\"M696 533C708 521 713 504 713 487 713 471 708 454 696 446L400 146C388 133 375 125 354 125 338 125 325 129 313 142 300 154 292 171 292 187 292 204 296 221 308 233L563 492 304 771C292 783 288 800 288 817 288 833 296 850 308 863 321 871 338 875 354 875 371 875 388 867 400 854L696 533Z\"><\/path><\/svg>\t\t\t\t\t<\/div>\n\t\t\t\t\n\t\t\t\t\t\t\t\t\t<div class=\"swiper-pagination\"><\/div>\n\t\t\t\t\t\t\t\t\t<\/div>\n\t\t\t\t\t\t<\/div>\n\t\t\t\t<\/div>\n\t\t\t\t<\/div>\n\t\t<div class=\"elementor-element elementor-element-d0e9457 e-flex e-con-boxed e-con e-parent\" data-id=\"d0e9457\" data-element_type=\"container\" data-e-type=\"container\">\n\t\t\t\t\t<div class=\"e-con-inner\">\n\t\t<div class=\"elementor-element elementor-element-c41fad4 e-con-full e-flex e-con e-child\" data-id=\"c41fad4\" data-element_type=\"container\" data-e-type=\"container\">\n\t\t\t\t<div class=\"elementor-element elementor-element-f384e76 elementor-widget elementor-widget-text-editor\" data-id=\"f384e76\" data-element_type=\"widget\" data-e-type=\"widget\" data-widget_type=\"text-editor.default\">\n\t\t\t\t\t\t\t\t\t<h2 data-start=\"204\" data-end=\"257\"><strong data-start=\"207\" data-end=\"257\">Yang\u0131na Dayan\u0131kl\u0131 Ah\u015fap Kap\u0131lar: Tan\u0131m ve Ama\u00e7<\/strong><\/h2><p data-start=\"259\" data-end=\"567\">Yang\u0131na dayan\u0131kl\u0131 (yang\u0131n sertifikal\u0131) ah\u015fap kap\u0131lar, belirli bir s\u00fcre boyunca ate\u015fe ve y\u00fcksek s\u0131cakl\u0131\u011fa diren\u00e7 g\u00f6sterecek \u015fekilde \u00f6zel olarak \u00fcretilmi\u015f i\u00e7 mek\u00e2n kap\u0131lar\u0131d\u0131r. Bu kap\u0131lar, <strong data-start=\"446\" data-end=\"490\">alev ve duman\u0131n yay\u0131lmas\u0131n\u0131 geciktirerek<\/strong> bina i\u00e7indeki g\u00fcvenli tahliyeye zaman kazand\u0131r\u0131r ve yang\u0131n g\u00fcvenli\u011fi sa\u011flar.<\/p><h3 data-start=\"569\" data-end=\"601\"><strong data-start=\"573\" data-end=\"601\">Yang\u0131n Dayan\u0131m S\u00fcreleri:<\/strong><\/h3><ul data-start=\"603\" data-end=\"700\"><li data-start=\"603\" data-end=\"626\"><p data-start=\"605\" data-end=\"626\"><strong data-start=\"605\" data-end=\"614\">EI30:<\/strong> 30 dakika<\/p><\/li><li data-start=\"627\" data-end=\"650\"><p data-start=\"629\" data-end=\"650\"><strong data-start=\"629\" data-end=\"638\">EI60:<\/strong> 60 dakika<\/p><\/li><li data-start=\"651\" data-end=\"674\"><p data-start=\"653\" data-end=\"674\"><strong data-start=\"653\" data-end=\"662\">EI90:<\/strong> 90 dakika<\/p><\/li><li data-start=\"675\" data-end=\"700\"><p data-start=\"677\" data-end=\"700\"><strong data-start=\"677\" data-end=\"687\">EI120:<\/strong> 120 dakika<\/p><\/li><\/ul><p data-start=\"702\" data-end=\"832\">Bu s\u00fcreler, kap\u0131n\u0131n yang\u0131n esnas\u0131nda <strong data-start=\"739\" data-end=\"766\">yap\u0131sal b\u00fct\u00fcnl\u00fc\u011f\u00fcn\u00fc (E)<\/strong> ve <strong data-start=\"770\" data-end=\"792\">\u0131s\u0131 yal\u0131t\u0131m\u0131n\u0131 (I)<\/strong> ne kadar s\u00fcreyle korudu\u011funu ifade eder.<\/p><hr data-start=\"834\" data-end=\"837\" \/><h2 data-start=\"839\" data-end=\"863\"><strong data-start=\"842\" data-end=\"863\">Kullan\u0131m Alanlar\u0131<\/strong><\/h2><p data-start=\"865\" data-end=\"987\">Yang\u0131na dayan\u0131kl\u0131 kap\u0131lar, \u00f6zellikle y\u00fcksek insan sirk\u00fclasyonuna sahip yap\u0131larda zorunlu ve hayati bir g\u00fcvenlik \u00f6nlemidir:<\/p><ul data-start=\"989\" data-end=\"1057\"><li data-start=\"989\" data-end=\"1000\"><p data-start=\"991\" data-end=\"1000\">Oteller<\/p><\/li><li data-start=\"1001\" data-end=\"1012\"><p data-start=\"1003\" data-end=\"1012\">Yurtlar<\/p><\/li><li data-start=\"1013\" data-end=\"1024\"><p data-start=\"1015\" data-end=\"1024\">Okullar<\/p><\/li><li data-start=\"1025\" data-end=\"1039\"><p data-start=\"1027\" data-end=\"1039\">Hastaneler<\/p><\/li><li data-start=\"1040\" data-end=\"1057\"><p data-start=\"1042\" data-end=\"1057\">Kamu binalar\u0131<\/p><\/li><\/ul><p data-start=\"1059\" data-end=\"1161\">Bu kap\u0131lar, <strong data-start=\"1071\" data-end=\"1160\">yang\u0131n\u0131n yay\u0131lmas\u0131n\u0131 \u00f6nleyerek ka\u00e7\u0131\u015f yollar\u0131n\u0131 ve acil \u00e7\u0131k\u0131\u015flar\u0131 g\u00fcvenli hale getirir<\/strong>.<\/p><hr data-start=\"1163\" data-end=\"1166\" \/><h2 data-start=\"1168\" data-end=\"1217\"><strong data-start=\"1171\" data-end=\"1217\">Yang\u0131n Dayan\u0131m S\u0131n\u0131flar\u0131 ve Test Standard\u0131<\/strong><\/h2><p data-start=\"1219\" data-end=\"1334\">T\u00fcm yang\u0131na dayan\u0131kl\u0131 kap\u0131lar, <strong data-start=\"1250\" data-end=\"1280\">EN 1634-1 Avrupa standard\u0131<\/strong> kapsam\u0131nda test edilerek a\u015fa\u011f\u0131daki s\u0131n\u0131flara ayr\u0131l\u0131r:<\/p><ul data-start=\"1336\" data-end=\"1388\"><li data-start=\"1336\" data-end=\"1348\"><p data-start=\"1338\" data-end=\"1348\"><strong data-start=\"1338\" data-end=\"1346\">EI30<\/strong><\/p><\/li><li data-start=\"1349\" data-end=\"1361\"><p data-start=\"1351\" data-end=\"1361\"><strong data-start=\"1351\" data-end=\"1359\">EI60<\/strong><\/p><\/li><li data-start=\"1362\" data-end=\"1374\"><p data-start=\"1364\" data-end=\"1374\"><strong data-start=\"1364\" data-end=\"1372\">EI90<\/strong><\/p><\/li><li data-start=\"1375\" data-end=\"1388\"><p data-start=\"1377\" data-end=\"1388\"><strong data-start=\"1377\" data-end=\"1386\">EI120<\/strong><\/p><\/li><\/ul><p data-start=\"1390\" data-end=\"1479\">Bu s\u0131n\u0131flar, kap\u0131n\u0131n hem \u0131s\u0131ya hem de aleve kar\u015f\u0131 g\u00f6sterdi\u011fi performansa g\u00f6re belirlenir.<\/p><hr data-start=\"1481\" data-end=\"1484\" \/><h2 data-start=\"1486\" data-end=\"1530\"><strong data-start=\"1489\" data-end=\"1530\">Uygulanan Standartlar ve Sertifikalar<\/strong><\/h2><p data-start=\"1532\" data-end=\"1607\">Yang\u0131na dayan\u0131kl\u0131 ah\u015fap kap\u0131lar\u0131n sahip olmas\u0131 gereken ba\u015fl\u0131ca standartlar:<\/p><ul data-start=\"1609\" data-end=\"1777\"><li data-start=\"1609\" data-end=\"1657\"><p data-start=\"1611\" data-end=\"1657\"><strong data-start=\"1611\" data-end=\"1628\">TS EN 1634-1:<\/strong> Yang\u0131na dayan\u0131kl\u0131l\u0131k testi<\/p><\/li><li data-start=\"1658\" data-end=\"1717\"><p data-start=\"1660\" data-end=\"1717\"><strong data-start=\"1660\" data-end=\"1675\">TS EN 1191:<\/strong> A\u00e7ma-kapama d\u00f6ng\u00fcs\u00fc testi (500.000 kez)<\/p><\/li><li data-start=\"1718\" data-end=\"1777\"><p data-start=\"1720\" data-end=\"1777\"><strong data-start=\"1720\" data-end=\"1735\">TS EN 1192:<\/strong> Mekanik dayan\u0131m (yo\u011fun kullan\u0131m s\u0131n\u0131f\u0131)<\/p><\/li><\/ul><p data-start=\"1779\" data-end=\"1961\">Kap\u0131lar\u0131n \u00fczerinde, <strong data-start=\"1799\" data-end=\"1883\">\u00fcretici bilgilerini, yang\u0131n dayan\u0131m s\u0131n\u0131f\u0131n\u0131 ve sertifika kodunu g\u00f6steren etiket<\/strong> bulunmal\u0131d\u0131r. Bu etiket, \u00fcr\u00fcn\u00fcn test edilmi\u015f ve onaylanm\u0131\u015f oldu\u011funu kan\u0131tlar.<\/p><hr data-start=\"1963\" data-end=\"1966\" \/><h2 data-start=\"1968\" data-end=\"2007\"><strong data-start=\"1971\" data-end=\"2007\">Kap\u0131 Yap\u0131s\u0131 ve Teknik Bile\u015fenler<\/strong><\/h2><p data-start=\"2009\" data-end=\"2072\">Yang\u0131na dayan\u0131kl\u0131 ah\u015fap kap\u0131lar a\u015fa\u011f\u0131daki bile\u015fenlerden olu\u015fur:<\/p><ul data-start=\"2074\" data-end=\"2436\"><li data-start=\"2074\" data-end=\"2196\"><p data-start=\"2076\" data-end=\"2196\"><strong data-start=\"2076\" data-end=\"2104\">Ah\u015fap y\u00fczeyli d\u0131\u015f katman<\/strong>, i\u00e7 k\u0131sm\u0131nda <strong data-start=\"2118\" data-end=\"2155\">yang\u0131na diren\u00e7li \u00e7ekirdek malzeme<\/strong> (\u00f6rne\u011fin ta\u015f y\u00fcn\u00fc veya al\u00e7\u0131 bazl\u0131 dolgu)<\/p><\/li><li data-start=\"2197\" data-end=\"2290\"><p data-start=\"2199\" data-end=\"2290\"><strong data-start=\"2199\" data-end=\"2234\">Is\u0131 etkisiyle genle\u015fen contalar<\/strong> (intumescent fitiller), alev ve duman ge\u00e7i\u015fini engeller<\/p><\/li><li data-start=\"2291\" data-end=\"2360\"><p data-start=\"2293\" data-end=\"2360\"><strong data-start=\"2293\" data-end=\"2321\">Otomatik kapanma sistemi<\/strong>, \u00f6zel mente\u015fe ve kilit mekanizmalar\u0131<\/p><\/li><li data-start=\"2361\" data-end=\"2436\"><p data-start=\"2363\" data-end=\"2436\"><strong data-start=\"2363\" data-end=\"2381\">T\u00fcm bile\u015fenler<\/strong>, kap\u0131 sistemine entegre \u015fekilde test edilmi\u015f olmal\u0131d\u0131r<\/p><\/li><\/ul><hr data-start=\"2438\" data-end=\"2441\" \/><h2 data-start=\"2443\" data-end=\"2461\"><strong data-start=\"2446\" data-end=\"2461\">Avantajlar\u0131<\/strong><\/h2><ul data-start=\"2463\" data-end=\"2689\"><li data-start=\"2463\" data-end=\"2526\"><p data-start=\"2465\" data-end=\"2526\"><strong data-start=\"2465\" data-end=\"2485\">Estetik g\u00f6r\u00fcn\u00fcm:<\/strong> Do\u011fal ah\u015fap hissi ve y\u00fczey \u00e7e\u015fitlili\u011fi<\/p><\/li><li data-start=\"2527\" data-end=\"2589\"><p data-start=\"2529\" data-end=\"2589\"><strong data-start=\"2529\" data-end=\"2553\">Y\u00fcksek dayan\u0131kl\u0131l\u0131k:<\/strong> Zamanla deformasyona kar\u015f\u0131 diren\u00e7<\/p><\/li><li data-start=\"2590\" data-end=\"2624\"><p data-start=\"2592\" data-end=\"2624\"><strong data-start=\"2592\" data-end=\"2622\">Is\u0131 ve ses yal\u0131t\u0131m\u0131 sa\u011flar<\/strong><\/p><\/li><li data-start=\"2625\" data-end=\"2689\"><p data-start=\"2627\" data-end=\"2689\"><strong data-start=\"2627\" data-end=\"2652\">Sertifikal\u0131 g\u00fcvenlik:<\/strong> Uluslararas\u0131 standartlara uygunluk<\/p><\/li><\/ul><hr data-start=\"2691\" data-end=\"2694\" \/><h2 data-start=\"2696\" data-end=\"2731\"><strong data-start=\"2699\" data-end=\"2731\">Montaj ve Uygulama Detaylar\u0131<\/strong><\/h2><ul data-start=\"2733\" data-end=\"2985\"><li data-start=\"2733\" data-end=\"2823\"><p data-start=\"2735\" data-end=\"2823\">Kap\u0131lar, mutlaka <strong data-start=\"2752\" data-end=\"2794\">sertifikal\u0131 montaj talimatlar\u0131na uygun<\/strong> \u015fekilde monte edilmelidir.<\/p><\/li><li data-start=\"2824\" data-end=\"2888\"><p data-start=\"2826\" data-end=\"2888\"><strong data-start=\"2826\" data-end=\"2843\">Hatal\u0131 montaj<\/strong>, kap\u0131n\u0131n yang\u0131n dayan\u0131m\u0131n\u0131 ge\u00e7ersiz k\u0131lar.<\/p><\/li><li data-start=\"2889\" data-end=\"2985\"><p data-start=\"2891\" data-end=\"2985\">Her kap\u0131da, <strong data-start=\"2903\" data-end=\"2971\">yang\u0131n s\u0131n\u0131f\u0131n\u0131 ve sertifika numaras\u0131n\u0131 g\u00f6steren orijinal etiket<\/strong> bulunmal\u0131d\u0131r.<\/p><\/li><\/ul>\t\t\t\t\t\t\t\t<\/div>\n\t\t\t\t<\/div>\n\t\t<div class=\"elementor-element elementor-element-4f7452b e-con-full e-flex e-con e-child\" data-id=\"4f7452b\" data-element_type=\"container\" data-e-type=\"container\">\n\t\t\t\t<div class=\"elementor-element elementor-element-2307153 elementor-widget elementor-widget-image\" data-id=\"2307153\" data-element_type=\"widget\" data-e-type=\"widget\" data-widget_type=\"image.default\">\n\t\t\t\t\t\t\t\t\t\t\t\t\t\t\t<img fetchpriority=\"high\" decoding=\"async\" width=\"500\" height=\"571\" src=\"https:\/\/www.yildizkapi.com.tr\/wp-content\/uploads\/2025\/07\/TPL53-BEYAZ-500x571-1.webp\" class=\"attachment-large size-large wp-image-223\" alt=\"\" srcset=\"https:\/\/www.yildizkapi.com.tr\/wp-content\/uploads\/2025\/07\/TPL53-BEYAZ-500x571-1.webp 500w, https:\/\/www.yildizkapi.com.tr\/wp-content\/uploads\/2025\/07\/TPL53-BEYAZ-500x571-1-263x300.webp 263w\" sizes=\"(max-width: 500px) 100vw, 500px\" \/>\t\t\t\t\t\t\t\t\t\t\t\t\t\t\t<\/div>\n\t\t\t\t<\/div>\n\t\t\t\t\t<\/div>\n\t\t\t\t<\/div>\n\t\t<div class=\"elementor-element elementor-element-97866fb e-flex e-con-boxed e-con e-parent\" data-id=\"97866fb\" data-element_type=\"container\" data-e-type=\"container\">\n\t\t\t\t\t<div class=\"e-con-inner\">\n\t\t\t\t<div class=\"elementor-element elementor-element-a6fe190 elementor-widget elementor-widget-spacer\" data-id=\"a6fe190\" data-element_type=\"widget\" data-e-type=\"widget\" data-widget_type=\"spacer.default\">\n\t\t\t\t\t\t\t<div class=\"elementor-spacer\">\n\t\t\t<div class=\"elementor-spacer-inner\"><\/div>\n\t\t<\/div>\n\t\t\t\t\t\t<\/div>\n\t\t\t\t\t<\/div>\n\t\t\t\t<\/div>\n\t\t<div class=\"elementor-element elementor-element-60fceff e-flex e-con-boxed e-con e-parent\" data-id=\"60fceff\" data-element_type=\"container\" data-e-type=\"container\">\n\t\t\t\t\t<div class=\"e-con-inner\">\n\t\t\t\t<div class=\"elementor-element elementor-element-c23ba4b elementor-widget elementor-widget-html\" data-id=\"c23ba4b\" data-element_type=\"widget\" data-e-type=\"widget\" data-widget_type=\"html.default\">\n\t\t\t\t\t<!-- Bize Ula\u015f\u0131n Telefon Butonu -->\n<a href=\"tel:05409704427\" class=\"call-button\" title=\"Bize Ula\u015f\u0131n\">\n  \ud83d\udcde Bize Ula\u015f\u0131n\n<\/a>\n\n<!-- WhatsApp Butonu -->\n<a href=\"https:\/\/wa.me\/905409704427\" class=\"whatsapp-button\" target=\"_blank\" title=\"WhatsApp ile Bize Ula\u015f\u0131n\">\n  <img decoding=\"async\" src=\"https:\/\/cdn.jsdelivr.net\/gh\/simple-icons\/simple-icons\/icons\/whatsapp.svg\" alt=\"WhatsApp\" \/>\n<\/a>\n\n<style>\n\/* Telefon Butonu - Sol Alt *\/\n.call-button {\n  position: fixed;\n  bottom: 20px;\n  left: 20px;\n  background-color: #198754;\n  color: white;\n  padding: 12px 20px;\n  border-radius: 30px;\n  font-weight: bold;\n  font-family: sans-serif;\n  text-decoration: none;\n  box-shadow: 0 4px 8px rgba(0,0,0,0.2);\n  z-index: 9999;\n  transition: background-color 0.3s;\n}\n.call-button:hover {\n  background-color: #146c43;\n}\n\n\/* WhatsApp Butonu - Sa\u011f Alt *\/\n.whatsapp-button {\n  position: fixed;\n  bottom: 20px;\n  right: 20px;\n  width: 60px;\n  height: 60px;\n  background-color: #25D366;\n  border-radius: 50%;\n  box-shadow: 0 4px 8px rgba(0,0,0,0.3);\n  display: flex;\n  justify-content: center;\n  align-items: center;\n  z-index: 9999;\n  text-decoration: none;\n}\n.whatsapp-button img {\n  width: 30px;\n  height: 30px;\n  filter: invert(100%);\n}\n<\/style>\n\t\t\t\t<\/div>\n\t\t\t\t\t<\/div>\n\t\t\t\t<\/div>\n\t\t\t\t<\/div>\n\t\t","protected":false},"excerpt":{"rendered":"<p>Yang\u0131na Dayan\u0131kl\u0131 Ah\u015fap Kap\u0131lar: Tan\u0131m ve Ama\u00e7 Yang\u0131na dayan\u0131kl\u0131 (yang\u0131n sertifikal\u0131) ah\u015fap kap\u0131lar, belirli bir s\u00fcre boyunca ate\u015fe ve y\u00fcksek s\u0131cakl\u0131\u011fa diren\u00e7 g\u00f6sterecek \u015fekilde \u00f6zel olarak \u00fcretilmi\u015f i\u00e7 mek\u00e2n kap\u0131lar\u0131d\u0131r. Bu kap\u0131lar, alev ve duman\u0131n yay\u0131lmas\u0131n\u0131 geciktirerek bina i\u00e7indeki g\u00fcvenli tahliyeye zaman kazand\u0131r\u0131r ve yang\u0131n g\u00fcvenli\u011fi sa\u011flar. Yang\u0131n Dayan\u0131m S\u00fcreleri: EI30: 30 dakika EI60: 60 [&hellip;]<\/p>\n","protected":false},"author":1,"featured_media":0,"parent":0,"menu_order":0,"comment_status":"closed","ping_status":"closed","template":"","meta":{"_regular_price":[],"currency_symbol":[],"footnotes":""},"class_list":["post-190","page","type-page","status-publish","hentry"],"post_slider_layout_featured_media_urls":{"thumbnail":"","post_slider_layout_landscape_large":"","post_slider_layout_portrait_large":"","post_slider_layout_square_large":"","post_slider_layout_landscape":"","post_slider_layout_portrait":"","post_slider_layout_square":"","full":""},"_links":{"self":[{"href":"https:\/\/www.yildizkapi.com.tr\/index.php\/wp-json\/wp\/v2\/pages\/190","targetHints":{"allow":["GET"]}}],"collection":[{"href":"https:\/\/www.yildizkapi.com.tr\/index.php\/wp-json\/wp\/v2\/pages"}],"about":[{"href":"https:\/\/www.yildizkapi.com.tr\/index.php\/wp-json\/wp\/v2\/types\/page"}],"author":[{"embeddable":true,"href":"https:\/\/www.yildizkapi.com.tr\/index.php\/wp-json\/wp\/v2\/users\/1"}],"replies":[{"embeddable":true,"href":"https:\/\/www.yildizkapi.com.tr\/index.php\/wp-json\/wp\/v2\/comments?post=190"}],"version-history":[{"count":10,"href":"https:\/\/www.yildizkapi.com.tr\/index.php\/wp-json\/wp\/v2\/pages\/190\/revisions"}],"predecessor-version":[{"id":283,"href":"https:\/\/www.yildizkapi.com.tr\/index.php\/wp-json\/wp\/v2\/pages\/190\/revisions\/283"}],"wp:attachment":[{"href":"https:\/\/www.yildizkapi.com.tr\/index.php\/wp-json\/wp\/v2\/media?parent=190"}],"curies":[{"name":"wp","href":"https:\/\/api.w.org\/{rel}","templated":true}]}}