{"id":173,"date":"2025-07-10T16:35:45","date_gmt":"2025-07-10T16:35:45","guid":{"rendered":"http:\/\/www.yildizkapi.com.tr\/?page_id=173"},"modified":"2025-07-10T20:16:18","modified_gmt":"2025-07-10T20:16:18","slug":"iletisim","status":"publish","type":"page","link":"https:\/\/www.yildizkapi.com.tr\/index.php\/iletisim\/","title":{"rendered":"\u0130leti\u015fim"},"content":{"rendered":"\t\t<div data-elementor-type=\"wp-page\" data-elementor-id=\"173\" class=\"elementor elementor-173\">\n\t\t\t\t<div class=\"elementor-element elementor-element-dc76a90 e-flex e-con-boxed e-con e-parent\" data-id=\"dc76a90\" data-element_type=\"container\" data-e-type=\"container\">\n\t\t\t\t\t<div class=\"e-con-inner\">\n\t\t<div class=\"elementor-element elementor-element-b7cad90 e-con-full e-flex e-con e-child\" data-id=\"b7cad90\" data-element_type=\"container\" data-e-type=\"container\">\n\t\t<div class=\"elementor-element elementor-element-8c2915a e-con-full e-flex e-con e-child\" data-id=\"8c2915a\" data-element_type=\"container\" data-e-type=\"container\" data-settings=\"{&quot;background_background&quot;:&quot;classic&quot;}\">\n\t\t\t\t<div class=\"elementor-element elementor-element-236f263 elementor-widget elementor-widget-google_maps\" data-id=\"236f263\" data-element_type=\"widget\" data-e-type=\"widget\" data-widget_type=\"google_maps.default\">\n\t\t\t\t\t\t\t<div class=\"elementor-custom-embed\">\n\t\t\t<iframe loading=\"lazy\"\n\t\t\t\t\tsrc=\"https:\/\/maps.google.com\/maps?q=Siteler%2C%20G%C3%BCne%C5%9Fevler%2C%20Sar%C4%B1yar%20Sk.%20No%3A20%2C%2006140%20Alt%C4%B1nda%C4%9F%2FAnkara&#038;t=m&#038;z=17&#038;output=embed&#038;iwloc=near\"\n\t\t\t\t\ttitle=\"Siteler, G\u00fcne\u015fevler, Sar\u0131yar Sk. No:20, 06140 Alt\u0131nda\u011f\/Ankara\"\n\t\t\t\t\taria-label=\"Siteler, G\u00fcne\u015fevler, Sar\u0131yar Sk. No:20, 06140 Alt\u0131nda\u011f\/Ankara\"\n\t\t\t><\/iframe>\n\t\t<\/div>\n\t\t\t\t\t\t<\/div>\n\t\t\t\t<\/div>\n\t\t<div class=\"elementor-element elementor-element-43b635d e-con-full e-flex e-con e-child\" data-id=\"43b635d\" data-element_type=\"container\" data-e-type=\"container\">\n\t\t\t\t<div class=\"elementor-element elementor-element-318526a elementor-widget elementor-widget-heading\" data-id=\"318526a\" data-element_type=\"widget\" data-e-type=\"widget\" data-widget_type=\"heading.default\">\n\t\t\t\t\t<h2 class=\"elementor-heading-title elementor-size-default\">Adres<\/h2>\t\t\t\t<\/div>\n\t\t\t\t<div class=\"elementor-element elementor-element-964941c elementor-widget elementor-widget-icon-box\" data-id=\"964941c\" data-element_type=\"widget\" data-e-type=\"widget\" data-widget_type=\"icon-box.default\">\n\t\t\t\t\t\t\t<div class=\"elementor-icon-box-wrapper\">\n\n\t\t\t\n\t\t\t\t\t\t<div class=\"elementor-icon-box-content\">\n\n\t\t\t\t\n\t\t\t\t\t\t\t\t\t<p class=\"elementor-icon-box-description\">\n\t\t\t\t\t\t<br>Siteler, G\u00fcne\u015fevler, Sar\u0131yar Sk. No:20, 06140 Alt\u0131nda\u011f\/Ankara<br><br>\u00c7al\u0131\u015fma Saatleri: Pzt-Cts 09.00 - 19.00<br><br>Telefon: + 90 540 970 44 27<br><br>Email: mustafayildizkapi@gmail.com\t\t\t\t\t<\/p>\n\t\t\t\t\n\t\t\t<\/div>\n\t\t\t\n\t\t<\/div>\n\t\t\t\t\t\t<\/div>\n\t\t\t\t<\/div>\n\t\t\t\t<\/div>\n\t\t\t\t\t<\/div>\n\t\t\t\t<\/div>\n\t\t<div class=\"elementor-element elementor-element-6d07740 e-flex e-con-boxed e-con e-parent\" data-id=\"6d07740\" data-element_type=\"container\" data-e-type=\"container\">\n\t\t\t\t\t<div class=\"e-con-inner\">\n\t\t\t\t<div class=\"elementor-element elementor-element-d46e81d elementor-widget elementor-widget-html\" data-id=\"d46e81d\" data-element_type=\"widget\" data-e-type=\"widget\" data-widget_type=\"html.default\">\n\t\t\t\t\t<!-- Bize Ula\u015f\u0131n Telefon Butonu -->\n<a href=\"tel:05409704427\" class=\"call-button\" title=\"Bize Ula\u015f\u0131n\">\n  \ud83d\udcde Bize Ula\u015f\u0131n\n<\/a>\n\n<!-- WhatsApp Butonu -->\n<a href=\"https:\/\/wa.me\/905409704427\" class=\"whatsapp-button\" target=\"_blank\" title=\"WhatsApp ile Bize Ula\u015f\u0131n\">\n  <img decoding=\"async\" src=\"https:\/\/cdn.jsdelivr.net\/gh\/simple-icons\/simple-icons\/icons\/whatsapp.svg\" alt=\"WhatsApp\" \/>\n<\/a>\n\n<style>\n\/* Telefon Butonu - Sol Alt *\/\n.call-button {\n  position: fixed;\n  bottom: 20px;\n  left: 20px;\n  background-color: #198754;\n  color: white;\n  padding: 12px 20px;\n  border-radius: 30px;\n  font-weight: bold;\n  font-family: sans-serif;\n  text-decoration: none;\n  box-shadow: 0 4px 8px rgba(0,0,0,0.2);\n  z-index: 9999;\n  transition: background-color 0.3s;\n}\n.call-button:hover {\n  background-color: #146c43;\n}\n\n\/* WhatsApp Butonu - Sa\u011f Alt *\/\n.whatsapp-button {\n  position: fixed;\n  bottom: 20px;\n  right: 20px;\n  width: 60px;\n  height: 60px;\n  background-color: #25D366;\n  border-radius: 50%;\n  box-shadow: 0 4px 8px rgba(0,0,0,0.3);\n  display: flex;\n  justify-content: center;\n  align-items: center;\n  z-index: 9999;\n  text-decoration: none;\n}\n.whatsapp-button img {\n  width: 30px;\n  height: 30px;\n  filter: invert(100%);\n}\n<\/style>\n\t\t\t\t<\/div>\n\t\t\t\t\t<\/div>\n\t\t\t\t<\/div>\n\t\t\t\t<\/div>\n\t\t","protected":false},"excerpt":{"rendered":"<p>Adres Siteler, G\u00fcne\u015fevler, Sar\u0131yar Sk. No:20, 06140 Alt\u0131nda\u011f\/Ankara \u00c7al\u0131\u015fma Saatleri: Pzt-Cts 09.00 &#8211; 19.00 Telefon: + 90 540 970 44 27 Email: mustafayildizkapi@gmail.com \ud83d\udcde Bize Ula\u015f\u0131n<\/p>\n","protected":false},"author":1,"featured_media":0,"parent":0,"menu_order":0,"comment_status":"closed","ping_status":"closed","template":"","meta":{"_regular_price":[],"currency_symbol":[],"footnotes":""},"class_list":["post-173","page","type-page","status-publish","hentry"],"post_slider_layout_featured_media_urls":{"thumbnail":"","post_slider_layout_landscape_large":"","post_slider_layout_portrait_large":"","post_slider_layout_square_large":"","post_slider_layout_landscape":"","post_slider_layout_portrait":"","post_slider_layout_square":"","full":""},"_links":{"self":[{"href":"https:\/\/www.yildizkapi.com.tr\/index.php\/wp-json\/wp\/v2\/pages\/173","targetHints":{"allow":["GET"]}}],"collection":[{"href":"https:\/\/www.yildizkapi.com.tr\/index.php\/wp-json\/wp\/v2\/pages"}],"about":[{"href":"https:\/\/www.yildizkapi.com.tr\/index.php\/wp-json\/wp\/v2\/types\/page"}],"author":[{"embeddable":true,"href":"https:\/\/www.yildizkapi.com.tr\/index.php\/wp-json\/wp\/v2\/users\/1"}],"replies":[{"embeddable":true,"href":"https:\/\/www.yildizkapi.com.tr\/index.php\/wp-json\/wp\/v2\/comments?post=173"}],"version-history":[{"count":19,"href":"https:\/\/www.yildizkapi.com.tr\/index.php\/wp-json\/wp\/v2\/pages\/173\/revisions"}],"predecessor-version":[{"id":380,"href":"https:\/\/www.yildizkapi.com.tr\/index.php\/wp-json\/wp\/v2\/pages\/173\/revisions\/380"}],"wp:attachment":[{"href":"https:\/\/www.yildizkapi.com.tr\/index.php\/wp-json\/wp\/v2\/media?parent=173"}],"curies":[{"name":"wp","href":"https:\/\/api.w.org\/{rel}","templated":true}]}}